 Let f = 159 - 142. Suppose 3*i - 5*r = f, -4*i = 6*r - 2*r - 12. Calculate t(i).
10
Let x be (15/(-4))/((-1490)/1192). Let b(u) = 9*u - 1. Let h(w) = 9*w - 2. Let v(t) = -5*b(t) + 4*h(t). Give v(x).
-30
Let i(q) be the second derivative of -q**4/12 + 5*q**3/3 + q**2/2 - q. Let o(g) = 37*g + 2676. Let k be o(-72). Determine i(k).
-23
Suppose 0 = 73*c - 2321 + 642. Let o(w) = w - 35. Determine o(c).
-12
Suppose 0 = 3*v - 7 + 4. Let n(m) = -5*m + 1. Let i(s) = 9*s - 2. Let g = -104 + 101. Let f(j) = g*i(j) - 5*n(j). Give f(v).
-1
Suppose -6*v + 5 = -5*v. Let i = 7 + v. Let c be (2/4 - 9/i)*-8. Let b(f) = 4*f**2 - 2*f + 3. What is b(c)?
15
Let m(p) = p**3 + 4*p**2 + p - 5. Let l = 45 - 40. Suppose -4*u - 15 = 9*c - 10*c, -5*u + l*c = 15. Determine m(u).
-9
Suppose 5*z - 2737 = -2*h, h = 4*z - 2521 + 321. Let t = z + -554. Let m(n) = n**2 + 5*n - 3. Calculate m(t).
-3
Let f(o) = o**3 + 4*o**2 - o - 2. Suppose -5*r - 199 + 4 = 0. Let b = 37 + r. Let t be (2/2 + b - -5)/(-1). Determine f(t).
2
Let z(m) = m**2 + 21*m - 17. Suppose -30*c + 52 = -31*c + 5*n, 5*c + 5*n + 50 = 0. What is z(c)?
-85
Let l(v) be the third derivative of -v**6/120 - v**5/60 - v**4/8 + v**3/6 - 4264*v**2. Determine l(-3).
28
Let d(y) = 6*y + 6*y - 78278*y**2 - 35 + 78277*y**2. Give d(5).
0
Let q be (-2632)/(-18) + (-2 - (-32)/18). Let d = q + -149. Let c(h) = h**2 + 8*h + 2. What is c(d)?
-13
Let s = 406 + -362. Let u(i) = 4 - 21*i + s*i - 19*i. Give u(4).
20
Let y be 60/27 - 2 - 1211/63. Let w = y - -23. Suppose r - 4*v = -2, -w*r = v + 4*v + 29. Let b(z) = z**2 + 6*z + 6. Give b(r).
6
Let n(k) = -3*k**2 - 16*k**3 - 2*k**2 - 13*k**3 + 4*k**2 + 32*k + 2 - 34*k. Give n(1).
-30
Let x(q) be the third derivative of -q**6/120 + 2*q**5/15 - q**4/6 + q**3/2 + 1006*q**2. Give x(8).
-29
Suppose -23 = -2*w + 3*w. Let v = w - -29. Let i(r) = 5 - v + 4 - 7*r + 3*r. Calculate i(2).
-5
Let k(j) = j**2 - 34*j + 56. Suppose 10*c - 90 = 7*c + 3*u, 2*u + 156 = 5*c. Determine k(c).
-8
Let s be (47 + -23)/(3/(-46)). Let z = 365 + s. Let w(k) be the second derivative of -k**5/20 - k**4/4 + k**3/3 - 3*k**2/2 - k. What is w(z)?
-9
Let m(k) = -6*k**2 + 106*k + 32. Let d(p) = -2*p**2 + 44*p + 13. Let h(o) = -12*d(o) + 5*m(o). Give h(-1).
-4
Let x(p) be the second derivative of 1/3*p**4 + 53*p - 2/3*p**3 + 2*p**2 + 1/20*p**5 + 0. Determine x(-5).
-1
Let v(u) = 100*u - u**3 + 11 - 17*u**2 + 108*u - 335*u + 2*u**2 + 110*u. Give v(-14).
53
Let w = -1095 + 1097. Let d(v) = 4*v**2 - v + 2. What is d(w)?
16
Let a(s) be the third derivative of 125 + 1/120*s**6 - 1/12*s**5 + 1/6*s**3 - s**2 + 0*s + 1/8*s**4. Determine a(3).
-8
Let r(x) = 3044*x - 927. Let d(i) = -1659*i + 463. Let c(z) = -11*d(z) - 6*r(z). Determine c(31).
4
Let w(i) be the first derivative of i**2/2 - 2. Suppose -3*u + 109*n - 107*n - 4 = 0, -4*u + 6 = 3*n. What is w(u)?
0
Let w(x) = -22*x - 196. Let f be w(-9). Let c(i) = 2*i + i - 7*i**2 - 5*i + 1. Determine c(f).
-31
Let z(s) = s**2 - 14*s + 21. Let h(x) = -2*x**3 - 11*x**2 - 4*x + 20. Let t be h(-5). Calculate z(t).
36
Suppose 15 = h - 4*a, a + 12 = 4*h - 18. Let k(m) = -m**3 + m**2 + 42*m + 6. What is k(h)?
6
Let f be (-11)/(33/30)*(-2 + 3). Let w be (-2 + 0)*(-12 - f). Let l(r) = r - 9. Calculate l(w).
-5
Let v(d) be the third derivative of -d**5/60 - 5*d**4/24 + 9*d**3/2 - 399*d**2. Give v(-10).
-23
Let z(v) = 607 - 114*v - 1224 + 611 + 110*v. Let c(y) = 2*y**3 + 2*y**2 - y. Let b be c(-2). Give z(b).
18
Let k(d) = 9*d + 3. Suppose 8*l + 2*p + 6 = 0, -5*l + 30*p - 4 = 31*p. What is k(l)?
-6
Let t(i) = 25*i - 365. Let r(s) = -13*s + 200. Let l(b) = -5*r(b) - 3*t(b). Calculate l(9).
5
Suppose i + 7 = 3*j + 20, 5 = i + 5*j. Let d(t) = -16 + 11*t + 7 + i - 7*t. What is d(-2)?
-7
Let d(s) be the first derivative of -2*s**3/3 + 13*s**2/2 - 14*s - 3469. Give d(8).
-38
Let s(a) = 7*a**2 - 12*a. Let u(r) = -20*r**2 - 8*r - 300. Let p(z) = -3*s(z) - u(z). Give p(50).
0
Let t = -390 - -392. Suppose -2*d - 2*i = -8, 0 = -t*d - 2*i + 5*i + 8. Let p(n) = n**2. Calculate p(d).
16
Let i(v) be the second derivative of 53*v - 1/2*v**3 - 5/2*v**2 + 0. What is i(-3)?
4
Suppose -161 = -6*u - 149. Let s(x) = 8*x + 216*x**u + x**3 + 89 - 227*x**2 - 75. What is s(10)?
-6
Let d(i) = -11*i**2 - 23 + 2634*i + 29*i**2 - i**3 - 2664*i. Give d(16).
9
Let d(l) = 26*l**2 + 87*l - 27. Let f(j) = -18*j**2 - 58*j + 20. Let r(q) = 7*d(q) + 10*f(q). Calculate r(-12).
-49
Suppose 14*o - 69 - 1 = 0. Let r(q) = 9*q + o - 1 - 5*q. What is r(3)?
16
Suppose 5*c - 4 = 2*p, -5*p = c + c + 39. Let t(w) = -w + 12. Let q be t(7). Let l(f) = 6*f - 2 - 4*f + f**2 + q*f. Calculate l(p).
-2
Let v(n) = -5*n**2 - 2. Let k(t) = -t**2 + 16*t - 68. Let r be k(6). Let d(l) = l**2 + 8*l + 2. Let c be d(r). What is v(c)?
-22
Let d(p) = 13*p**3 - 3*p**2 + 29*p + 6. Let z(q) = -6*q**3 + 2*q**2 - 12*q - 3. Let j(n) = -4*d(n) - 9*z(n). Calculate j(5).
63
Let w(s) be the third derivative of -s**5/30 + 25*s**4/24 + 7*s**3/3 - 64*s**2 + s. Suppose -4*h + 27 = 3*f, -5*f = 5*h - 31 - 19. Calculate w(f).
1
Let f(l) = -l**2 - 13*l - 12. Let b(h) = h**2 + 19*h + 9. Let a(y) = -4*b(y) - 5*f(y). Give a(4).
-4
Let m(b) = 4*b - 1. Let h(w) be the third derivative of w**5/60 - 3*w**4/8 - 4*w**3 + 25*w**2. Let c be h(10). Let n be 4/c + (-14)/(-49) + 3. Give m(n).
11
Let c(x) = -x**3 - 9*x**2 - 8*x + 10. Let i be c(-8). Let t be (-18)/4*i/(-15). Let b(o) = -42*o**2 - o**3 - 1 + 0*o**3 + 0 + 38*o**2 - t*o. Determine b(-3).
-1
Let s(r) = -3*r**2 - 5*r - 7*r**3 + 5*r**3 + 3*r**3 + 5. Let j be s(4). Let c(i) = 134*i - 132*i + 0 + j. Determine c(-1).
-1
Let k(w) = 160*w + 0 - 40*w - 24 - 61*w - 60*w. What is k(15)?
-39
Let l = -9 + 14. Let o(p) be the first derivative of p**5/60 - 7*p**4/24 + 2*p**3/3 - 5*p**2 + p + 17. Let m(n) be the second derivative of o(n). Give m(l).
-6
Let x(n) = -17 + n + 2*n + 63 - 20. Let g be x(-5). Let h(i) = -i**3 + 12 + 0*i**3 + i - 3*i + i + 11*i**2. Calculate h(g).
1
Suppose 0*c + 5*t = 3*c - 30, 5*t = -15. Let i(y) = y**3 - 3*y**2 + 5*y - 7. Let n be i(3). Let p(v) = n*v - 1 - 2*v - 31*v**2 + 29*v**2. Calculate p(c).
-21
Let t(b) be the first derivative of -1/12*b**4 + 1/2*b**2 - 7*b + 8 + 0*b**3 - b**5. Let i(j) be the first derivative of t(j). Determine i(1).
-20
Suppose 6*i - 9*i - b = -123, -123 = -3*i - 5*b. Suppose -13 + i = -4*j. Let w(k) = k**2 + 7*k - 4. What is w(j)?
-4
Let c(r) = 216*r - 661*r + 3 + 216*r + 216*r. Determine c(-1).
16
Let o(s) be the second derivative of -s**7/840 + s**6/60 - s**5/30 + 5*s**4/24 - 67*s**3/3 - 108*s. Let n(d) be the second derivative of o(d). What is n(4)?
21
Let o(x) be the second derivative of -1/3*x**3 + 1/12*x**4 - x**2 + 53*x - 1/5*x**5 - 2. Calculate o(-2).
38
Let h = 33 + -32. Suppose h = 3*a - 3*v - 11, 5*v = 3*a - 14. Let k(d) = -6*d + 10*d + d**2 - a + 3*d. Determine k(-6).
-9
Let b(o) = 25*o + 25. Let h be b(-7). Let a = 138 + h. Let f(l) = -l**2 - 13*l - 11. Determine f(a).
1
Let h be 5*(-2 - (-66)/10). Suppose -h*s + 225 = -48*s. Let o(z) = 4*z - 3. What is o(s)?
-39
Let f = -17 + 28. Let m be ((-2)/(-4))/(f/242). Let t(b) = -m*b - 8 + 13*b - 4*b. What is t(-7)?
6
Let s be -70*(3/14 + 4/14). Let c = s + 36. Let r(v) = 23*v**2 - 7*v - 5. Let w(z) = -12*z**2 + 3*z + 2. Let x(n) = -2*r(n) - 5*w(n). Calculate x(c).
13
Let x(c) = 89*c - 2038. Let b be x(23). Let r(m) be the first derivative of -12*m - b + 1/2*m**2. Give r(7).
-5
Suppose -47 + 87 = 5*p - 5*f, -3*p + 36 = -5*f. Let r(k) = 6*k**2 - 4. Calculate r(p).
20
Let n(k) be the first derivative of k**4/4 + 3*k**3 - 7*k**2/2 + 24*k + 920. Let w = -74 - -64. Determine n(w).
-6
Let v(m) = m**2 + 5*m - 62. Suppose 52*k - 53*k = -3*f + 10, 5*k - f = -50. Calculate v(k).
-12
Let z(x) = -x**2 - x - 5. Let l be z(0). Let r(s) = 3*s**2 + 27*s - 7. Let q(m) = 7*m**2 + 62*m - 15. Let i(c) = 4*q(c) - 9*r(c). Calculate i(l).
3
Let m(z) = -89*z - 1248. Let t be m(-14). Let l(r) = 2*r - 9. What is l(t)?
-13
Let d(g) = -g**3 - 12*g**2 - 12*g - 4. Let y = -4198 - -4187. What is d(y)?
7
Let k(s) = s**2 - 9*s - 11. Let o(r) = 7*r - 61. Let y be 14/(-2) - (-748)/44. Let n be o(y). Determine k(n).
-11
Let v(p) = -62*p**2 + 2*p + 2. Let l(b) = 96*b - 673. Let w be l(7). What is v(w)?
-62
Let k(g) = -2*g**3 - 19*g**2 + 5*g + 12. Let z(w) = 9*w**3